the remainder when 1675 is divided by 761.
153
What is the remainder when 5379 is divided by 1687?
318
Calculate the remainder when 382357 is divided by 50.
7
What is the remainder when 6318 is divided by 244?
218
Calculate the remainder when 17438 is divided by 8191.
1056
What is the remainder when 19531 is divided by 19529?
2
Calculate the remainder when 1868 is divided by 341.
163
Calculate the remainder when 27433 is divided by 2286.
1
Calculate the remainder when 24636 is divided by 649.
623
What is the remainder when 782823 is divided by 91?
41
Calculate the remainder when 113778 is divided by 254.
240
Calculate the remainder when 161158 is divided by 61.
57
What is the remainder when 3790 is divided by 821?
506
What is the remainder when 8149 is divided by 67?
42
Calculate the remainder when 301224 is divided by 485.
39
Calculate the remainder when 2637 is divided by 94.
5
Calculate the remainder when 29645 is divided by 549.
548
Calculate the remainder when 213673 is divided by 275.
273
Calculate the remainder when 2908 is divided by 110.
48
What is the remainder when 49283 is divided by 56?
3
What is the remainder when 53749 is divided by 8958?
1
What is the remainder when 43023 is divided by 107?
9
Calculate the remainder when 34820 is divided by 2487.
2
Calculate the remainder when 553486 is divided by 14.
10
Calculate the remainder when 1585 is divided by 134.
111
Calculate the remainder when 21339 is divided by 1123.
2
Calculate the remainder when 10539 is divided by 5261.
17
What is the remainder when 445209 is divided by 894?
891
Calculate the remainder when 6282 is divided by 87.
18
What is the remainder when 374006 is divided by 74800?
6
What is the remainder when 7045 is divided by 79?
14
What is the remainder when 11897 is divided by 2357?
112
Calculate the remainder when 1441 is divided by 269.
96
Calculate the remainder when 53106 is divided by 2124.
6
What is the remainder when 127624 is divided by 23?
20
What is the remainder when 191495 is divided by 62?
39
What is the remainder when 54184 is divided by 27081?
22
Calculate the remainder when 4032 is divided by 38.
4
What is the remainder when 21155 is divided by 10562?
31
What is the remainder when 47097 is divided by 128?
121
What is the remainder when 89043 is divided by 274?
267
Calculate the remainder when 6630 is divided by 1114.
1060
Calculate the remainder when 7557 is divided by 1069.
74
What is the remainder when 14362 is divided by 576?
538
What is the remainder when 3663 is divided by 396?
99
Calculate the remainder when 46866 is divided by 4.
2
Calculate the remainder when 468539 is divided by 20371.
6
Calculate the remainder when 4878 is divided by 703.
660
What is the remainder when 6227 is divided by 6061?
166
What is the remainder when 73258 is divided by 73222?
36
Calculate the remainder when 4166 is divided by 1341.
143
What is the remainder when 779 is divided by 109?
16
Calculate the remainder when 38518 is divided by 73.
47
Calculate the remainder when 6451341 is divided by 2150444.
9
What is the remainder when 246826 is divided by 209?
206
Calculate the remainder when 12405 is divided by 40.
5
What is the remainder when 3905 is divided by 1893?
119
What is the remainder when 16979 is divided by 2238?
1313
Calculate the remainder when 63664 is divided by 134.
14
What is the remainder when 178983 is divided by 87?
24
Calculate the remainder when 235078 is divided by 169.
168
What is the remainder when 46554 is divided by 15512?
18
Calculate the remainder when 172053 is divided by 28673.
15
Calculate the remainder when 2712 is divided by 299.
21
What is the remainder when 86508 is divided by 66?
48
Calculate the remainder when 6598 is divided by 942.
4
What is the remainder when 9212 is divided by 616?
588
Calculate the remainder when 320231 is divided by 11.
10
Calculate the remainder when 32513 is divided by 32505.
8
What is the remainder when 476028 is divided by 69?
66
Calculate the remainder when 113636 is divided by 848.
4
Calculate the remainder when 11410 is divided by 1889.
76
Calculate the remainder when 1070 is divided by 1060.
10
What is the remainder when 1177 is divided by 160?
57
Calculate the remainder when 46060 is divided by 202.
4
What is the remainder when 1126 is divided by 978?
148
What is the remainder when 8829 is divided by 316?
297
What is the remainder when 309 is divided by 44?
1
Calculate the remainder when 441974 is divided by 114.
110
What is the remainder when 2148285 is divided by 913?
909
Calculate the remainder when 25012 is divided by 236.
232
What is the remainder when 28709 is divided by 1460?
969
What is the remainder when 702010 is divided by 156?
10
What is the remainder when 14549 is divided by 8?
5
What is the remainder when 1155 is divided by 282?
27
What is the remainder when 9467 is divided by 1885?
42
Calculate the remainder when 337555 is divided by 84386.
11
Calculate the remainder when 2519173 is divided by 44.
41
What is the remainder when 598692 is divided by 28?
24
What is the remainder when 61867 is divided by 6872?
19
Calculate the remainder when 485386 is divided by 22063.
0
What is the remainder when 2146 is divided by 827?
492
Calculate the remainder when 8095 is divided by 26.
9
Calculate the remainder when 837911 is divided by 31.
12
Calculate the remainder when 19595 is divided by 1377.
317
What is the remainder when 123358 is divided by 160?
158
Calculate the remainder when 5373 is divided by 185.
8
Calculate the remainder when 5304 is divided by 456.
288
What is the remainder when 55363 is divided by 140?
63
What is the remainder when 629724 is divided by 6055?
4
What is the remainder when 60873 is divided by 20291?
0
What is the remainder when 4253 is divided by 498?
269
What is the remainder when 2249167 is divided by 154?
151
What is the remainder when 35559 is divided by 7?
6
Calculate the remainder when 33470 is divided by 5578.
2
What is the remainder when 27177 is divided by 663?
657
Calculate the remainder when 4580 is divided by 35.
30
Calculate the remainder when 22588 is divided by 30.
28
Calculate the remainder when 328 is divided by 186.
142
Calculate the remainder when 446562 is divided by 148854.
0
What is the remainder when 921952 is divided by 3644?
20
What is the remainder when 7666 is divided by 12?
10
Calculate the remainder when 78692 is divided by 78686.
6
Calculate the remainder when 109708 is divided by 97.
1
Calculate the remainder when 4759 is divided by 2364.
31
Calculate the remainder when 213445 is divided by 169.
167
Calculate the remainder when 12779 is divided by 364.
39
Calculate the remainder when 13009 is divided by 874.
773
What is the remainder when 1319 is divided by 71?
41
What is the remainder when 1851 is divided by 9?
6
Calculate the remainder when 286299 is divided by 140.
139
What is the remainder when 4785 is divided by 200?
185
Calculate the remainder when 25287 is divided by 18.
15
What is the remainder when 162 is divided by 50?
12
Calculate the remainder when 16032 is divided by 5339.
15
What is the remainder when 3128605 is divided by 16?
13
Calculate the remainder when 2136 is divided by 450.
336
What is the remainder when 6152 is divided by 2029?
65
What is the remainder when 3634 is divided by 31?
7
Calculate the remainder when 903228 is divided by 14568.
12
What is the remainder when 37566 is divided by 63?
18
Calculate the remainder when 156374 is divided by 23.
20
Calculate the remainder when 741 is divided by 39.
0
Calculate the remainder when 5229 is divided by 1690.
159
What is the remainder when 171619 is divided by 269?
266
What is the remainder when 23531 is divided by 672?
11
Calculate the remainder when 2581212 is divided by 403.
400
What is the remainder when 73911 is divided by 36954?
3
Calculate the remainder when 19497 is divided by 1489.
140
Calculate the remainder when 514 is divided by 100.
14
What is the remainder when 203640 is divided by 101801?
38
Calculate the remainder when 149029 is divided by 1138.
1089
What is the remainder when 3350186 is divided by 10?
6
Calculate the remainder when 671419 is divided by 52.
47
Calculate the remainder when 12581 is divided by 12442.
139
Calculate the remainder when 1787 i